{"id":2921,"date":"2024-02-15T10:57:19","date_gmt":"2024-02-15T10:57:19","guid":{"rendered":"https:\/\/blackhallpublishing.com\/wordpress\/?post_type=product&#038;p=2921"},"modified":"2024-02-15T10:57:19","modified_gmt":"2024-02-15T10:57:19","slug":"the-garda-siochana-guide-seventh-edition","status":"publish","type":"product","link":"https:\/\/blackhallpublishing.com\/index.php\/product\/the-garda-siochana-guide-seventh-edition\/","title":{"rendered":"The Garda S\u00edoch\u00e1na Guide Seventh Edition"},"content":{"rendered":"<p>The first edition of <em>The Garda S\u00edoch\u00e1na Guide<\/em> was published in 1934 and was followed by other editions in 1937, 1954, 1967, 1981 and 1991. It has now reached a seventh edition which was published in June 2008. <em>The Garda S\u00edoch\u00e1na Guide<\/em> is published by Blackhall Publishing on behalf of the Government Supplies Agency who are acting on behalf of An Garda S\u00edoch\u00e1na. The book contains a useful up-to-date summary of laws applicable in the context of law enforcement, used by members of An Garda S\u00edoch\u00e1na, the legal profession and others interested in the administration of the law.<\/p>\n","protected":false},"excerpt":{"rendered":"<p>The Garda S\u00edoch\u00e1na Guide contains a useful up-to-date summary of laws applicable in the context of law enforcement, used by members of An Garda S\u00edoch\u00e1na, the legal profession and others interested in the administration of the law.<\/p>\n","protected":false},"featured_media":2922,"template":"","meta":{"inline_featured_image":false,"_monsterinsights_skip_tracking":false,"_monsterinsights_sitenote_active":false,"_monsterinsights_sitenote_note":"","_monsterinsights_sitenote_category":0},"product_brand":[],"product_cat":[85],"product_tag":[],"class_list":{"0":"post-2921","1":"product","2":"type-product","3":"status-publish","4":"has-post-thumbnail","6":"product_cat-ireland","8":"first","9":"instock","10":"shipping-taxable","11":"purchasable","12":"product-type-simple"},"aioseo_notices":[],"_links":{"self":[{"href":"https:\/\/blackhallpublishing.com\/index.php\/wp-json\/wp\/v2\/product\/2921","targetHints":{"allow":["GET"]}}],"collection":[{"href":"https:\/\/blackhallpublishing.com\/index.php\/wp-json\/wp\/v2\/product"}],"about":[{"href":"https:\/\/blackhallpublishing.com\/index.php\/wp-json\/wp\/v2\/types\/product"}],"wp:featuredmedia":[{"embeddable":true,"href":"https:\/\/blackhallpublishing.com\/index.php\/wp-json\/wp\/v2\/media\/2922"}],"wp:attachment":[{"href":"https:\/\/blackhallpublishing.com\/index.php\/wp-json\/wp\/v2\/media?parent=2921"}],"wp:term":[{"taxonomy":"product_brand","embeddable":true,"href":"https:\/\/blackhallpublishing.com\/index.php\/wp-json\/wp\/v2\/product_brand?post=2921"},{"taxonomy":"product_cat","embeddable":true,"href":"https:\/\/blackhallpublishing.com\/index.php\/wp-json\/wp\/v2\/product_cat?post=2921"},{"taxonomy":"product_tag","embeddable":true,"href":"https:\/\/blackhallpublishing.com\/index.php\/wp-json\/wp\/v2\/product_tag?post=2921"}],"curies":[{"name":"wp","href":"https:\/\/api.w.org\/{rel}","templated":true}]}}